{"id":133,"date":"2014-03-01T20:48:18","date_gmt":"2014-03-01T20:48:18","guid":{"rendered":"http:\/\/fadaorg.com.ar\/web\/?page_id=133"},"modified":"2023-09-11T21:17:09","modified_gmt":"2023-09-12T00:17:09","slug":"aeroclubes","status":"publish","type":"page","link":"https:\/\/fada.org.ar\/web\/aeroclubes\/","title":{"rendered":"Aeroclubes"},"content":{"rendered":"\n<div class=\"wp-block-columns is-layout-flex wp-container-core-columns-is-layout-9d6595d7 wp-block-columns-is-layout-flex\">\n<div class=\"wp-block-column is-layout-flow wp-block-column-is-layout-flow\">\n<figure class=\"wp-block-table\"><table><tbody><tr><td>1<\/td><td>Rio&nbsp;Negro<\/td><td>Allen<\/td><\/tr><tr><td>2<\/td><td>Buenos&nbsp;Aires<\/td><td>Bah\u00eda&nbsp;Blanca<\/td><\/tr><tr><td>3<\/td><td>Rio&nbsp;Negro<\/td><td>Bariloche<\/td><\/tr><tr><td>4<\/td><td>C\u00f3rdoba<\/td><td>Bell&nbsp;Ville<\/td><\/tr><tr><td>6<\/td><td>Buenos&nbsp;Aires<\/td><td>Benito&nbsp;Juarez<\/td><\/tr><tr><td>7<\/td><td>Buenos&nbsp;Aires<\/td><td>Bolivar<\/td><\/tr><tr><td>8<\/td><td>Buenos&nbsp;Aires<\/td><td>Bragado<\/td><\/tr><tr><td>9<\/td><td>Santa&nbsp;Fe<\/td><td>Ca\u00f1ada&nbsp;de&nbsp;Gomez<\/td><\/tr><tr><td>10<\/td><td>Santa&nbsp;Fe<\/td><td>Ca\u00f1ada&nbsp;Rosquin<\/td><\/tr><tr><td>11<\/td><td>Buenos&nbsp;Aires<\/td><td>Carhue<\/td><\/tr><tr><td>12<\/td><td>Santa&nbsp;Fe<\/td><td>Casilda<\/td><\/tr><tr><td>13<\/td><td>Chaco<\/td><td>Chaco<\/td><\/tr><tr><td>14<\/td><td>Entre&nbsp;R\u00edos<\/td><td>Chajari<\/td><\/tr><tr><td>15<\/td><td>Santa&nbsp;Fe<\/td><td>Cha\u00f1ar&nbsp;Ladeado<\/td><\/tr><tr><td>17<\/td><td>Buenos&nbsp;Aires<\/td><td>Chivilcoy<\/td><\/tr><tr><td>18<\/td><td>Santa&nbsp;Fe<\/td><td>Circulo&nbsp;Aviaci\u00f3n&nbsp;Rosario<\/td><\/tr><tr><td>20<\/td><td>Chubut<\/td><td>Comodoro&nbsp;Rivadavia<\/td><\/tr><tr><td>21<\/td><td>Entre&nbsp;R\u00edos<\/td><td>Concepci\u00f3n&nbsp;Uruguay<\/td><\/tr><tr><td>22<\/td><td>Entre&nbsp;R\u00edos<\/td><td>Concordia<\/td><\/tr><tr><td>23<\/td><td>C\u00f3rdoba<\/td><td>C\u00f3rdoba<\/td><\/tr><tr><td>24<\/td><td>Buenos&nbsp;Aires<\/td><td>Coronel&nbsp;Pringles<\/td><\/tr><tr><td>25<\/td><td>Buenos&nbsp;Aires<\/td><td>Coronel&nbsp;Suarez<\/td><\/tr><tr><td>26<\/td><td>Buenos&nbsp;Aires<\/td><td>Coronel&nbsp;Vidal<\/td><\/tr><tr><td>27<\/td><td>C\u00f3rdoba<\/td><td>Corral&nbsp;de&nbsp;Bustos<\/td><\/tr><tr><td>29<\/td><td>Buenos&nbsp;Aires<\/td><td>Dolores<\/td><\/tr><tr><td>30<\/td><td>Buenos&nbsp;Aires<\/td><td>Escobar<\/td><\/tr><tr><td>33<\/td><td>Buenos&nbsp;Aires<\/td><td>Fort\u00edn&nbsp;Lobos<\/td><\/tr><tr><td>34<\/td><td>Santa&nbsp;Fe<\/td><td>Galvez<\/td><\/tr><tr><td>35<\/td><td>La&nbsp;Pampa<\/td><td>General&nbsp;Pico<\/td><\/tr><tr><td>36<\/td><td>Rio&nbsp;Negro<\/td><td>General&nbsp;Roca<\/td><\/tr><tr><td>37<\/td><td>Buenos&nbsp;Aires<\/td><td>General&nbsp;Villegas<\/td><\/tr><tr><td>38<\/td><td>Buenos&nbsp;Aires<\/td><td>Gonzalez&nbsp;Chavez<\/td><\/tr><tr><td>39<\/td><td>Buenos&nbsp;Aires<\/td><td>Henderson<\/td><\/tr><tr><td>40<\/td><td>C\u00f3rdoba<\/td><td>Hernando<\/td><\/tr><tr><td>41<\/td><td>C\u00f3rdoba<\/td><td>Huinca&nbsp;Renanco<\/td><\/tr><tr><td>43<\/td><td>Buenos&nbsp;Aires<\/td><td>Junin<\/td><\/tr><tr><td>44<\/td><td>Buenos&nbsp;Aires<\/td><td>La&nbsp;Plata<\/td><\/tr><tr><td>45<\/td><td>C\u00f3rdoba<\/td><td>Laboulaye<\/td><\/tr><tr><td>46<\/td><td>Buenos&nbsp;Aires<\/td><td>Las&nbsp;Flores<\/td><\/tr><tr><td>48<\/td><td>Buenos&nbsp;Aires<\/td><td>Lincoln<\/td><\/tr><tr><td>49<\/td><td>Buenos&nbsp;Aires<\/td><td>Lober\u00eda<\/td><\/tr><tr><td>50<\/td><td>Corrientes<\/td><td>Loreto<\/td><\/tr><tr><td>51<\/td><td>La&nbsp;Pampa<\/td><td>Ingeniero&nbsp;Luiggi<\/td><\/tr><tr><td>52<\/td><td>Buenos&nbsp;Aires<\/td><td>Luj\u00e1n<\/td><\/tr><tr><td>53<\/td><td>Mendoza<\/td><td>Malargue<\/td><\/tr><tr><td>54<\/td><td>Buenos&nbsp;Aires<\/td><td>Mar&nbsp;del&nbsp;Plata<\/td><\/tr><tr><td>55<\/td><td>C\u00f3rdoba<\/td><td>Marcos&nbsp;Juarez<\/td><\/tr><tr><td>56<\/td><td>Mendoza<\/td><td>Mendoza<\/td><\/tr><tr><td>57<\/td><td>Buenos&nbsp;Aires<\/td><td>Mercedes<\/td><\/tr><tr><td>59<\/td><td>Neuqu\u00e9n<\/td><td>Neuqu\u00e9n<\/td><\/tr><tr><td>61<\/td><td>Misiones<\/td><td>Ober\u00e1<\/td><\/tr><tr><td>62<\/td><td>Buenos&nbsp;Aires<\/td><td>Olavarria<\/td><\/tr><tr><td>63<\/td><td>La&nbsp;Pampa<\/td><td>Pampeano<\/td><\/tr><tr><td>64<\/td><td>Buenos&nbsp;Aires<\/td><td>Pehuajo<\/td><\/tr><tr><td>65<\/td><td>Buenos&nbsp;Aires<\/td><td>Pellegrini<\/td><\/tr><tr><td>66<\/td><td>Buenos&nbsp;Aires<\/td><td>Pergamino<\/td><\/tr><tr><td>67<\/td><td>Buenos&nbsp;Aires<\/td><td>Pig\u00fce<\/td><\/tr><tr><td>68<\/td><td>Chubut<\/td><td>Puerto&nbsp;Madryn<\/td><\/tr><tr><td>69<\/td><td>Santa&nbsp;Fe<\/td><td>Rafaela<\/td><\/tr><tr><td>70<\/td><td>Chubut<\/td><td>Rawson<\/td><\/tr><tr><td>71<\/td><td>Santa&nbsp;Fe<\/td><td>Reconquista<\/td><\/tr><tr><td>72<\/td><td>Buenos&nbsp;Aires<\/td><td>R\u00edo de la Plata<\/td><\/tr><tr><td>73<\/td><td>C\u00f3rdoba<\/td><td>R\u00edo Tercero<\/td><\/tr><tr><td>74<\/td><td>Santa&nbsp;Fe<\/td><td>Rosario<\/td><\/tr><tr><td>76<\/td><td>Santa&nbsp;Fe<\/td><td>Rufino<\/td><\/tr><tr><td>77<\/td><td>Buenos&nbsp;Aires<\/td><td>Salliquelo<\/td><\/tr><tr><td>78<\/td><td>Buenos&nbsp;Aires<\/td><td>San&nbsp;Cayetano<\/td><\/tr><tr><td>79<\/td><td>San&nbsp;Juan<\/td><td>Circulo&nbsp;Aviaci\u00f3n&nbsp;Civil&nbsp;San&nbsp;Juan<\/td><\/tr><tr><td>80<\/td><td>Mendoza<\/td><td>San&nbsp;Mart\u00edn<\/td><\/tr><tr><td>81<\/td><td>Buenos&nbsp;Aires<\/td><td>San&nbsp;Nicol\u00e1s<\/td><\/tr><tr><td>82<\/td><td>Santa&nbsp;Fe<\/td><td>Santa&nbsp;Fe<\/td><\/tr><tr><td>84<\/td><td>Chubut<\/td><td>Sarmiento<\/td><\/tr><tr><td>85<\/td><td>Buenos&nbsp;Aires<\/td><td>Tand\u00edl<\/td><\/tr><tr><td>86<\/td><td>Santa&nbsp;Fe<\/td><td>Tostado<\/td><\/tr><tr><td>87<\/td><td>Chubut<\/td><td>Trelew<\/td><\/tr><tr><td>88<\/td><td>Buenos&nbsp;Aires<\/td><td>Trenque&nbsp;Lauquen<\/td><\/tr><tr><td>89<\/td><td>Buenos&nbsp;Aires<\/td><td>Tres&nbsp;Arroyos<\/td><\/tr><tr><td>90<\/td><td>Tucuman<\/td><td>Tucuman<\/td><\/tr><tr><td>92<\/td><td>Chaco<\/td><td>Villa&nbsp;Angela<\/td><\/tr><tr><td>93<\/td><td>C\u00f3rdoba<\/td><td>Villa&nbsp;Dolores<\/td><\/tr><tr><td>94<\/td><td>Buenos&nbsp;Aires<\/td><td>Villa&nbsp;Gesell<\/td><\/tr><tr><td>95<\/td><td>Santa&nbsp;Fe<\/td><td>Villa&nbsp;Ocampo<\/td><\/tr><tr><td>96<\/td><td>Salta<\/td><td>Oran<\/td><\/tr><tr><td>97<\/td><td>Santa&nbsp;Cruz<\/td><td>Lago&nbsp;Argentino<\/td><\/tr><tr><td>98<\/td><td>Chubut<\/td><td>Esquel<\/td><\/tr><tr><td>99<\/td><td>La&nbsp;Pampa<\/td><td>Realic\u00f3<\/td><\/tr><tr><td>100<\/td><td>Rio&nbsp;Negro<\/td><td>El&nbsp;Bols\u00f3n<\/td><\/tr><tr><td>102<\/td><td>Corrientes<\/td><td>Ca\u00f1ada&nbsp;Quir\u00f3z<\/td><\/tr><tr><td>103<\/td><td>Entre&nbsp;R\u00edos<\/td><td>Paran\u00e1<\/td><\/tr><tr><td>105<\/td><td>R\u00edo&nbsp;Grande<\/td><td>Tierra&nbsp;del&nbsp;Fuego,&nbsp;Ant\u00e1rtida&nbsp;e&nbsp;Islas&nbsp;del&nbsp;Atl\u00e1ntico&nbsp;Sur<\/td><\/tr><tr><td>107<\/td><td>C\u00f3rdoba<\/td><td>Coronel&nbsp;Moldes<\/td><\/tr><tr><td>109<\/td><td>Misiones<\/td><td>Alto&nbsp;Paran\u00e1&nbsp;El&nbsp;Dorado<\/td><\/tr><tr><td>110<\/td><td>Buenos&nbsp;Aires<\/td><td>Necochea<\/td><\/tr><tr><td>111<\/td><td>Salta<\/td><td>Rosario&nbsp;de&nbsp;la&nbsp;Frontera<\/td><\/tr><tr><td>112<\/td><td>Buenos&nbsp;Aires<\/td><td>Coronel&nbsp;Dorrego<\/td><\/tr><tr><td>113<\/td><td>Buenos&nbsp;Aires<\/td><td>Balcarce<\/td><\/tr><tr><td>115<\/td><td>Buenos&nbsp;Aires<\/td><td>Centro Universitario de Aviaci\u00f3n \u2013 CUA<\/td><\/tr><tr><td>117<\/td><td>La&nbsp;Pampa<\/td><td>Intendente&nbsp;Alvear&nbsp;IMT&nbsp;(Capital)<\/td><\/tr><tr><td>118<\/td><td>Santa&nbsp;Cruz<\/td><td>Las&nbsp;Heras<\/td><\/tr><tr><td>119<\/td><td>Mendoza<\/td><td>General Alvear<\/td><\/tr><tr><td>120<\/td><td>Mendoza<\/td><td>San&nbsp;Rafael<\/td><\/tr><tr><td>121<\/td><td>San Luis<\/td><td>Villa Mercedes<\/td><\/tr><tr><td>122<\/td><td>Buenos Aires<\/td><td>Santa Teresita<\/td><\/tr><tr><td>123<\/td><td>Santa Fe<\/td><td>San Justo<\/td><\/tr><tr><td>124<\/td><td>Santa Fe<\/td><td>San Lorenzo<\/td><\/tr><tr><td>125<\/td><td>C\u00f3rdoba<\/td><td>Mina Clavero<\/td><\/tr><tr><td>126<\/td><td>R\u00edo Negro<\/td><td>Catriel<\/td><\/tr><tr><td>127<\/td><td>Salta<\/td><td>Salta<\/td><\/tr><tr><td>128<\/td><td>Buenos Aires<\/td><td>Navarro<\/td><\/tr><tr><td>129<\/td><td>Mendoza<\/td><td>Rivadavia<\/td><\/tr><tr><td>130<\/td><td>Neuqu\u00e9n<\/td><td>Zapala<\/td><\/tr><tr><td>131<\/td><td>Buenos Aires<\/td><td>Saladillo<\/td><\/tr><tr><td>132<\/td><td>Buenos Aires<\/td><td>Saldungaray<\/td><\/tr><tr><td>133<\/td><td>R\u00edo Negro<\/td><td>Villa Regina<\/td><\/tr><tr><td>134<\/td><td>Mendoza<\/td><td>Tupungato<\/td><\/tr><tr><td>135<\/td><td>Buenos Aires<\/td><td>Carmen de Patagones<\/td><\/tr><tr><td>136<\/td><td>C\u00f3rdoba<\/td><td>Alta Gracia<\/td><\/tr><\/tbody><\/table><figcaption class=\"wp-element-caption\"><strong>Actualizado al 11\/09\/2023<\/strong><\/figcaption><\/figure>\n<\/div>\n<\/div>\n","protected":false},"excerpt":{"rendered":"<p>1 Rio&nbsp;Negro Allen 2 Buenos&nbsp;Aires Bah\u00eda&nbsp;Blanca 3 Rio&nbsp;Negro Bariloche 4 C\u00f3rdoba Bell&nbsp;Ville 6 Buenos&nbsp;Aires Benito&nbsp;Juarez 7 Buenos&nbsp;Aires Bolivar 8 Buenos&nbsp;Aires Bragado 9 Santa&nbsp;Fe Ca\u00f1ada&nbsp;de&nbsp;Gomez 10 Santa&nbsp;Fe Ca\u00f1ada&nbsp;Rosquin 11 Buenos&nbsp;Aires Carhue 12 Santa&nbsp;Fe Casilda 13 Chaco Chaco 14 Entre&nbsp;R\u00edos Chajari 15 Santa&nbsp;Fe Cha\u00f1ar&nbsp;Ladeado 17 Buenos&nbsp;Aires Chivilcoy 18 Santa&nbsp;Fe Circulo&nbsp;Aviaci\u00f3n&nbsp;Rosario 20 Chubut Comodoro&nbsp;Rivadavia 21 Entre&nbsp;R\u00edos Concepci\u00f3n&nbsp;Uruguay 22 [&hellip;]<\/p>\n","protected":false},"author":1,"featured_media":0,"parent":0,"menu_order":0,"comment_status":"open","ping_status":"closed","template":"","meta":{"_et_pb_use_builder":"","_et_pb_old_content":"","_et_gb_content_width":"","footnotes":""},"class_list":["post-133","page","type-page","status-publish","hentry"],"_links":{"self":[{"href":"https:\/\/fada.org.ar\/web\/wp-json\/wp\/v2\/pages\/133","targetHints":{"allow":["GET"]}}],"collection":[{"href":"https:\/\/fada.org.ar\/web\/wp-json\/wp\/v2\/pages"}],"about":[{"href":"https:\/\/fada.org.ar\/web\/wp-json\/wp\/v2\/types\/page"}],"author":[{"embeddable":true,"href":"https:\/\/fada.org.ar\/web\/wp-json\/wp\/v2\/users\/1"}],"replies":[{"embeddable":true,"href":"https:\/\/fada.org.ar\/web\/wp-json\/wp\/v2\/comments?post=133"}],"version-history":[{"count":45,"href":"https:\/\/fada.org.ar\/web\/wp-json\/wp\/v2\/pages\/133\/revisions"}],"predecessor-version":[{"id":18819,"href":"https:\/\/fada.org.ar\/web\/wp-json\/wp\/v2\/pages\/133\/revisions\/18819"}],"wp:attachment":[{"href":"https:\/\/fada.org.ar\/web\/wp-json\/wp\/v2\/media?parent=133"}],"curies":[{"name":"wp","href":"https:\/\/api.w.org\/{rel}","templated":true}]}}